t common divisor of y and 348.
87
Suppose -5*s - 640 = -10*s. Suppose 3154*a + 2944 = 3200*a. What is the highest common factor of a and s?
64
Let p(n) = -2*n**3 + 73*n**2 - 613*n - 10. Let j be p(14). What is the highest common factor of 10716 and j?
228
Let k(u) = 3*u + 16. Let i be k(24). Suppose i = 20*f - 132. Calculate the greatest common divisor of 209 and f.
11
Suppose -j + 3*f = 6, 0 = -2*j - 224*f + 223*f + 9. What is the greatest common divisor of j and 3?
3
Let f(d) = 2*d**3 + 31*d**2 - 15*d + 9. Let g be f(-16). Let s be g + 2 + (3 - -89). Calculate the greatest common divisor of s and 29.
29
Suppose -5*b + g = 1242, 4*b + 0*g + 999 = -g. Let v = -243 - b. Calculate the greatest common divisor of 26 and v.
2
Let y be (14/10)/(23 - 5170/225). What is the greatest common factor of y and 1407?
21
Let n = 12492 - 12479. What is the greatest common divisor of n and 14963?
13
Suppose 2*w + 4*j = 128, 2*w - 91 = j + 52. What is the greatest common factor of w and 2485?
35
Let a = -592 + 872. Suppose -34*h = -47*h + 455. Calculate the highest common divisor of h and a.
35
Let n(t) = 2*t - 2. Let r be n(5). Suppose 0 = 11*d + 3961 - 1. Let i = d + 368. What is the greatest common factor of r and i?
8
Suppose -74 = 2*b - 4*b. Suppose r - 2*r + 5*x = -b, -3*r = -x - 111. Let g = -6 + r. What is the greatest common divisor of 31 and g?
31
Let k be 87/5 - 4/10. Let i = -50108 + 50261. What is the highest common divisor of k and i?
17
Let i = -85 - -166. Let c = i + -76. Suppose -3*r + c*r + 2*m - 14 = 0, -m = -2*r + 11. What is the highest common factor of 12 and r?
6
Suppose w - 4 = -4*x, 4*w + 0*x - 16 = -5*x. Let s(a) = 46*a + 8 + 33*a - 39*a - 12 - 12. Let h be s(w). What is the highest common factor of 16 and h?
16
Suppose -24*t = -1933 - 2555. What is the highest common divisor of 44 and t?
11
Let p be (-5)/((40/(-3))/2 + 5). Suppose -3*w = 12, -p*z + 308 = 21*w - 23*w. Calculate the highest common divisor of z and 260.
20
Let u = 1370 + 2310. Suppose 30*w + u = 21500. Let r(g) = 2*g**2 + 10*g + 6. Let j be r(-8). What is the highest common divisor of j and w?
54
Let m be ((-12)/16)/(55/(-4180)). What is the greatest common divisor of m and 57?
57
Let l(w) be the second derivative of -8*w**3/3 + 5*w**2/2 - 27*w. Let b be l(-1). Let t = 37 - b. What is the greatest common divisor of 128 and t?
16
Suppose -6*u = -3*u. Suppose 2 = m - u*d + 3*d, -5*d = m - 2. Suppose -m*c = -4*c + 52. What is the greatest common divisor of c and 208?
26
Let r be ((-80)/24)/((8/6)/2). Let c(v) = -11*v - 19. Let d be c(r). Let g be (-4)/18 + -515*(-4)/d. What is the highest common divisor of 399 and g?
57
Let g be ((-630)/1050*(-250)/8)/(6/416). What is the greatest common factor of 338 and g?
26
Suppose -30 = 4*y - 54. Let g be -2 + (2/(-4) - (-21)/y). Let r be (22/(-8))/(g/(-24)). Calculate the greatest common factor of r and 44.
22
Let w = -16418 + 18978. Calculate the greatest common divisor of 120 and w.
40
Suppose 0 = -100*l + 23*l + 16126 + 1430. Calculate the greatest common divisor of l and 570.
114
Let l(j) = 3*j**2 + 113*j - 324. Let v be l(3). Calculate the greatest common factor of 5481 and v.
21
Let i(t) be the second derivative of t**3/2 - 33*t**2/2 + 20*t. Let c be i(13). Calculate the greatest common divisor of c and 150.
6
Let b = 2963 - 2842. What is the greatest common divisor of 33 and b?
11
Let a be (-41)/((-492)/(-4536)) + 1*-1. Let v = -311 - a. What is the greatest common divisor of 8 and v?
4
Suppose -2*c + c = -2, 2*l + 2*c + 194 = 0. Suppose -336 = -11*g - 94 + 1155. Let h = g + l. Calculate the greatest common factor of 42 and h.
14
Let j(h) = -h**3 + 6*h. Let g = 48 - 45. Let n be j(g). Let i be (-6 - n) + 22/2 + 1. What is the highest common factor of 5 and i?
5
Suppose 5*j + 1596 = -5*h + 6*h, 2*j = 4*h - 6366. Calculate the greatest common divisor of h and 215.
43
Let d = 165 + -77. Let b = 718 - 652. What is the greatest common factor of d and b?
22
Let j = 11227 + -4789. What is the highest common factor of j and 696?
174
Let y be (198/12 + -9)*2. Let d be (2/(-4))/(2/(-24)). What is the highest common factor of y and d?
3
Let i be ((-24)/(-11))/(705/18095). Let t = -510 + 790. What is the highest common factor of i and t?
56
Suppose 3*q + 46 - 76 = 0. Let k be 22/((q/(-35))/(-1)). Calculate the highest common divisor of 55 and k.
11
Suppose 8*s = -0*s + 120. Let c be 12 - s - (-107 + 0). Calculate the greatest common factor of c and 8.
8
Let z = -346 + 278. Let l be 0 - z*(-1)/(-2). What is the highest common divisor of l and 391?
17
Let o(q) be the second derivative of -6 - 2*q + 7/6*q**3 - 11/2*q**2 + 3/4*q**4. Let j be o(3). Calculate the highest common factor of 13 and j.
13
Let x = -62 - -66. Suppose 6*g + x*g = 3140. Let c = -188 + g. What is the highest common divisor of 18 and c?
18
Let d be 2 - -4*20/5. Let c = -4739 - -5261. Calculate the greatest common divisor of c and d.
18
Let g be ((-14)/8)/((-5)/80*4). What is the greatest common divisor of 553 and g?
7
Suppose b + 674 = 3*b. Suppose -3*n + 5*n + u - b = 0, -4*n + 675 = 3*u. What is the greatest common divisor of n and 21?
21
Let a(v) = -21*v**3 + 5*v**2 - 3*v - 4. Let n be a(3). Let o = -65 - n. What is the highest common divisor of o and 10?
10
Suppose -2*i - 7 = -3*i. Suppose 12*x - 5017 = -3589. What is the greatest common factor of x and i?
7
Suppose 5*o = 2*q - 78, -5*o + 230 = -10*q + 15*q. Calculate the greatest common factor of q and 704.
44
Let r = 1352 + -1337. What is the highest common factor of r and 1875?
15
Let t = 1 - 1. Suppose t = -3*m - 2*m + 300. Let i = 61760 - 61745. What is the highest common divisor of i and m?
15
Let u = -5036 + 9116. Calculate the highest common divisor of u and 4.
4
Suppose 0 = -5*p - 3*u + 468, -p = -5*u - 108 - 8. Calculate the highest common divisor of p and 1184.
32
Suppose -46*i + 7250 + 26698 = 0. What is the greatest common factor of i and 12?
6
Suppose -4*s - o + 633 = 0, -4*s + 5*o = -4090 + 3415. Calculate the greatest common factor of s and 10160.
80
Let r be -90*(16/(-6) + -3 + 5). Let t(f) = f + 30. Let a be t(0). What is the greatest common factor of r and a?
30
Suppose 0 = -3*b - 3*h + 703 + 1760, -5*h + 825 = b. Calculate the greatest common factor of b and 80.
20
Suppose 3*d = s + 4, -4 = -5*s - 6*d + 9*d. Calculate the highest common factor of s and 194.
2
Suppose 7*q - 60*q - 122*q = -337225. Calculate the highest common divisor of 205 and q.
41
Let j be (2 + 2*-2)/(-1) + -2. Let w(l) = 0*l**3 + j*l**3 + l**3 + 10*l**2 - 3*l**2 + 4*l. Let x be w(-3). Calculate the greatest common factor of x and 60.
12
Suppose -2*x + 35*u = 31*u - 42, -24 = -x + 5*u. Let f(m) = m**3 - 19*m**2 + 10*m + 151. Let p be f(x). What is the greatest common divisor of 22 and p?
11
Let h = 131 + 3658. What is the highest common divisor of 18 and h?
9
Let a = -53 - -85. Let m be -2 + (-4 - (-2 + -42)) + 1. Suppose p - 149 = -3*u, 0 = -3*u + 3*p + 168 - m. What is the highest common factor of u and a?
16
Let y be 2*(-2)/(-2)*13. Let s = 84 + 11. Let x = s - 30. Calculate the greatest common factor of y and x.
13
Let v = 6371 + -6339. Calculate the highest common factor of v and 11072.
32
Let i(w) = -18 + 17*w - 12 + 61*w**3 - 14*w**2 - 60*w**3. Let z be i(14). What is the highest common divisor of 32 and z?
16
Suppose 5*w = 3*o - 116, -5*o - 2*w + 104 + 17 = 0. What is the greatest common factor of 129 and o?
3
Let g be (-326)/(-3)*117/(-26). Let f = 23 - g. Calculate the highest common divisor of 16 and f.
16
Let m = 161 - -31. Suppose 4*r = -0*r + m. Suppose 0 = -16*s + 133 + 59. Calculate the greatest common divisor of s and r.
12
Let z(p) = 929*p**2 - 1745*p + 21. Let c be z(2). Let x be 2/1 + 2 + 0. Let n(i) = 5*i - 1. Let m be n(x). Calculate the highest common factor of c and m.
19
Let h be -8*(-1 - 20)*1. Let q(k) = 2*k**2 - 11*k - 28. Let u be q(-2). Suppose -u*l = -9*l + h. What is the greatest common factor of 4 and l?
4
Suppose 0 = -5*y + 4*y - 2*j + 763, 2303 = 3*y - j. What is the greatest common factor of 26 and y?
13
Suppose j = -3*j - 452. Let q = j + 164. What is the greatest common factor of 153 and q?
51
Let p(k) = -k**3 - 21*k**2 - 8*k - 15. Let z be p(-21). Let h = 351 - z. Let f = 43 - 25. Calcul